q. Let x(a) = 2829*a + 4 - 5654*a + 2828*a. What is x(y)?
13
Let o(s) = s**3 + 8*s**2 + s + 1. Let u be o(-8). Let k(y) = y**3 + 6*y**2 - 8*y. Let t be k(u). Let l(a) = t*a - 6*a + 1 + 5. What is l(-5)?
1
Let o(j) = -5*j**2 + 2*j - 1. Let w be (29/(-58))/(2/(-12 + 0)). Suppose 9*v = 7*v. Suppose v = 3*z + 7*x - 2*x - 3, 3*x + 3 = w*z. Determine o(z).
-4
Let b(f) = -3*f - 16. Let a = -631 - -620. What is b(a)?
17
Let k(y) = -14*y**2 - 19*y - 6. Let d(h) = 76*h**2 + 94*h + 29. Let x(m) = 2*d(m) + 11*k(m). Calculate x(-10).
2
Let p(o) be the first derivative of o**3/3 - 11*o**2/2 + 4*o + 233. Determine p(11).
4
Let h(q) = -2*q**3 + q**2 - q. Let n be h(-2). Suppose -4*s + n*s = 54. Let b(x) be the second derivative of -x**3/6 - 3*x**2/2 - x. Calculate b(s).
-6
Let s(z) = -2*z**2 - 7*z. Let n(q) = -3*q**2 - 14*q + 1. Let a(i) = 3*n(i) - 5*s(i). Suppose -h + 35 + 3 = 0. Suppose 3*w + h = 56. What is a(w)?
-3
Let r(v) = 2*v + 2. Let n be r(2). Let t = -16 - -20. Let l(i) = 1 - 3*i + 0 + t. Give l(n).
-13
Let y(b) = -2*b**2 + 2*b**2 + 9*b**2 - 5*b + 9*b - 5*b. Suppose 0 = -5*d + 5*l + 25, 4*d + 5 = -2*l + 1. Calculate y(d).
8
Let g(t) be the first derivative of -5*t**2/2 + 2*t + 3. Calculate g(1).
-3
Let w(a) = a**3 - a**2 + a + 4. Let g(d) = -6*d + 3. Let r be g(-2). Suppose -5*f = 3*h + 2*h - r, 5*h = -3*f + 9. Calculate w(h).
4
Let f(z) = -12*z + 2. Let r(p) = -29*p + 7. Let j(d) = 5*f(d) - 2*r(d). Let c(o) = 4*o + 1. Let w = 2 + -1. Let y be c(w). Give j(y).
-14
Let m(v) = -8*v**2 + 2*v - 17. Let z(a) = -7*a**2 + 2*a - 14. Let i(b) = -6*m(b) + 7*z(b). What is i(-3)?
-11
Let r(x) = -x**3 + 6*x**2 - 4*x - 3. Suppose 0 = -11*a + 58 - 3. What is r(a)?
2
Suppose -w - 5*r - 1 - 2 = 0, 2*r + 3 = -w. Let t(z) = -12*z - 31. Let n(g) = 4*g + 11. Let h(m) = -11*n(m) - 4*t(m). Give h(w).
-9
Let v(g) = 3*g**2 + 5*g + 6. Let x(a) = 8*a**2 + 11*a + 13. Let i = 28 + -30. Let y(k) = i*x(k) + 5*v(k). Give y(4).
0
Let f(s) = -s - 3. Suppose -303 = -39*p - 108. Determine f(p).
-8
Let o(b) = -2*b - 1. Let q(v) = -v**2 + 19*v - 9. Let j(s) = -6*o(s) - q(s). What is j(5)?
5
Let x(k) = 0*k - 6*k**2 - 2*k**3 + 6*k**3 - 4*k - 2*k**3 - k**3. What is x(6)?
-24
Let a(u) = 2*u**2 + 3*u - 2. Suppose -13*n - 60 + 21 = 0. Determine a(n).
7
Let w = -166 + 160. Let m(q) = q**2 + 2*q + 2. Give m(w).
26
Let g(t) be the third derivative of -28*t**2 + 0 - 1/6*t**3 + 0*t + 0*t**4 + 1/20*t**5. Give g(2).
11
Suppose 5 = 15*z + 95. Let k be (-16)/z*(3 + -3 + 3). Let c(y) = y - 1. What is c(k)?
7
Suppose 3 = 5*x - 5*l + 8, 0 = -3*l. Let i(g) = -3*g**2 + 4*g + 2. Let j(n) = n**2 + n + 1. Let d(y) = x*i(y) - 4*j(y). What is d(-7)?
1
Let h(j) be the third derivative of 1/30*j**5 + 0 + 1/24*j**4 - 11/120*j**6 + 0*j + 0*j**3 - 20*j**2. Calculate h(-1).
12
Let k(j) = -3*j**2 - 2*j + 2. Suppose 4*f - 3 = 60*g - 59*g, -5*f + 9 = 4*g. Calculate k(f).
-3
Let p(d) = -226 - d + 449 - 37*d**3 - 4*d - 224 + 3*d. What is p(-1)?
38
Let p(z) = 2*z - 1. Let a = -131 + 183. Let s be (-4)/(-26) - (-1292)/a. Suppose 5*v - s = -2*f, 3*f - 15 = -0. Give p(v).
5
Let k(z) = -11*z + 28028 - 28074 + 15*z. Determine k(15).
14
Let s(z) = -z**3 + z - 3. Suppose 0 = 3*h + 7*h. Calculate s(h).
-3
Let n(u) = -3*u**3 - u**2 + u + 2. Let y be 12/9 - (-6)/9. Let p be y/((-4 - -1)/3). Determine n(p).
20
Let q(u) be the third derivative of u**4/12 + 5*u**2. Let b be 38/14 - ((-9)/7 + 1). Determine q(b).
6
Let x(i) be the first derivative of i**3/3 - 7*i**2/2 - 4*i + 1. Let s(u) = 6*u**3 + 2*u**2 - u. Let c be s(1). Let b be (c/((-105)/18))/((-2)/10). Give x(b).
-10
Let t = -1 + 1. Let c(q) = 9*q + 38. Let z(j) = -38*j - 160. Let g(v) = -17*c(v) - 4*z(v). Calculate g(t).
-6
Let u(z) = 7*z**2 + 5*z**2 + 0*z - 7 - 10*z**2 - 5*z. Give u(5).
18
Let r = 35 + -32. Suppose 0*i + 3*l - 17 = 5*i, r*l - 11 = -i. Let u(h) = 0*h + 0*h + 5*h + 1 - 2. Determine u(i).
-6
Let g = 133 - 133. Let b(y) be the first derivative of -y**3/3 + y**2/2 + 2*y + 2. Calculate b(g).
2
Let r be 1 + (4 - 4 - -3). Suppose -10*t = -8*t + r. Let x(m) = m - 1. Let w(s) = 12*s - 3. Let d(b) = w(b) - 5*x(b). Calculate d(t).
-12
Let r(t) be the third derivative of -t**5/60 - t**3/6 - 9*t**2 + 95*t. Let b = -1 + 0. Give r(b).
-2
Suppose -4*o + 3*z + 8 = 0, 0 = -3*o - 2*z - 36 + 25. Let s(y) = -4*y**3 + y**2. Give s(o).
5
Suppose -4*y + 158 = 4*h + 134, -4*y - 8 = 0. Let q(t) = t**3 - 9*t**2 + t. Calculate q(h).
-56
Let z be 10 + -8 - (0 + -1). Let a(m) = z*m + 8 + 4*m + m - 7*m. Let j be 11/(-2) + (-9)/18. Give a(j).
2
Let i(f) = -f - 2. Let b = -103 - -93. Determine i(b).
8
Let r(u) = 3*u + 6. Let d be (-1 - -1)/3 - 19. Let k = d + 13. Calculate r(k).
-12
Let u(f) = 2*f - 11. Let y(z) = -3*z + 22. Let s(l) = -7*u(l) - 4*y(l). Determine s(-4).
-3
Let l(o) = 9*o**3 + 11*o**2 - 1. Let s(i) = -11*i**3 - 14*i**2 + 2. Let x(y) = -5*l(y) - 4*s(y). Suppose 0*b - 5*b = 0. Give x(b).
-3
Let u be (2*-1 - -1) + -8. Let x(a) be the second derivative of a**4/24 + 5*a**3/6 + 15*a**2/2 - 9*a. Let q(p) be the first derivative of x(p). Calculate q(u).
-4
Let p(c) = -4 - 8 + c**2 + 10 + 2*c. Determine p(3).
13
Suppose -2*a + 0 = -6. Let g(l) be the third derivative of 1/12*l**4 + 0 - 3/2*l**a + 4*l**2 + 0*l. What is g(6)?
3
Suppose 0 = 4*f + 4*a - 28, 9 = f + a - 2*a. Let m(u) = -u - f*u**2 + u + 2 - 5*u + 7*u**2. Give m(-5).
2
Suppose -3*a = 3*p + 4 + 2, -p = 0. Let d(s) = 8*s - 2. Give d(a).
-18
Suppose -8 = -4*v - 0. Let u(a) = 1 - a**3 + 8*a**2 + 2*a - 17*a**v + 11*a**2. Calculate u(3).
-2
Let t(p) = -p**2 + 11*p + 15. Let r = -884 - -897. What is t(r)?
-11
Suppose 5*m + 22 = 3*i, -3*m = -i + 8 + 2. Let s be (-1)/(-2)*i + 2. Let h(x) = 2*x**2 - 5*x - 2. What is h(s)?
10
Suppose -43 = -5*c + 12. Let y(b) = -14*b - 5. Let q(z) = -43*z - 14. Let n(k) = c*y(k) - 4*q(k). What is n(1)?
19
Let d(p) be the third derivative of p**5/60 + p**4/12 - p**3 - p**2. Suppose -45 = 4*x + 5*o, 0*x + 3*o = x - 10. Calculate d(x).
9
Let p(r) be the first derivative of -r**4/4 + 8*r**3/3 - 7*r**2/2 - 4*r + 378. Calculate p(7).
-4
Suppose -4*t + 12 = -5*o - 1, -3 = -4*t + 3*o. Let x(g) = -3*g - 9. Let u(f) = -6*f - 17. Let b(v) = t*u(v) + 5*x(v). What is b(-4)?
-6
Let f(x) = -2 - 32*x + 20*x + 10*x. Let z be ((-63)/(-18))/(1/(-2)). Let h be z/2 + 3/(-6). What is f(h)?
6
Suppose 4*t = -3*t. Suppose -2*q + 8 = d + 3*d, 4*q - 2*d - 16 = t. Let u(i) = -i. Let n(l) = -5*l + 2. Let w(m) = n(m) - 6*u(m). Determine w(q).
6
Let q(x) = x - 3. Let i(d) = 0 + 4 - 1 + 3*d. Let m be i(3). Suppose -s - 4*j + j = -m, s = 3*j. Calculate q(s).
3
Suppose 0*t + 2*h - 10 = 2*t, 2*t + 9 = 3*h. Let l(u) = -u**3 - 7*u**2 + 2*u + 4. What is l(t)?
-44
Let n(w) be the first derivative of 13*w**4/24 + w**2/2 - 17. Let f(i) be the second derivative of n(i). Determine f(1).
13
Suppose 77*o = 80 + 74. Let m(x) = x**2 - 2*x + 5. What is m(o)?
5
Let l(c) = -2225*c**2 - 24 + 2219*c**2 + 4*c + c + c**3. Calculate l(6).
6
Let u be (-1 - -2)*(31 + -41). Let j(n) = -2*n**2 - 19*n + 6. Determine j(u).
-4
Let y(l) = -275*l + l**3 + 137*l - 3 + 137*l - 4*l**2. What is y(4)?
-7
Suppose 3*z - 370 = -7*z. Let g = z - 34. Let u(r) = -r + 1. What is u(g)?
-2
Suppose -3*d - 2*r = -3*r - 13, 5*d = 4*r + 24. Let q(k) = -4 + 1 + k + d. Let w be 4 - (2/(-2) + 2). Give q(w).
4
Let l(u) = u**3 - 13*u**2 + 21*u + 16. Suppose 0 = -f + y + 13, 61 = 3*f + 2*f - 3*y. Determine l(f).
5
Let r be ((-3)/9)/((-2)/6). Suppose 5*g - r - 29 = 0. Let j(d) be the first derivative of d**3/3 - 7*d**2/2 + 8*d - 47. What is j(g)?
2
Suppose -5*j + 2*j = -6. Let u(y) be the third derivative of -y**7/1260 - y**5/120 + 11*y**4/24 - 7*y**2. Let h(n) be the second derivative of u(n). Give h(j).
-9
Let v be (-10)/(-4)*96/40. Let k(g) = -g**2 + 13*g - 5. What is k(v)?
37
Let j(y) = y + 10. Let h = -117 + -177. Let u be (-5)/((-175)/h) - (-6)/(-10). Calculate j(u).
1
Suppose -4*c = -0*c - 5*y - 33, c - 4*y - 22 = 0. Suppose -c*p = -0*p - 4. Let w(f) = -3*f**2 + 3*f - 3. Calculate w(p).
-9
Let h be 5 + -5 - -14 - 3. Suppose -h*u = -19 - 25. Let o(c) = -c**2 + 4*c. Give o(u).
0
Let d(a) = a**3 + 3*a**2 - 2. Let o(p) = 3*p**3 + 8*p**2 - p - 5. Let m(x) = -7*d(x) + 2*o(x). Determine m(-4).
-4
Let q(d) = d**2 + 5*d - 1. Let z be q(-4). Let g(h) be the first derivative of -h**2 + 154